 -106, -5*p = 4*a - 206. What are the prime factors of 2 + 9952/p - 12/(-114)?
2, 3, 11
Suppose f + 2 = 4, -f = -5*t - 77. Let o be (4*-3)/(t/710). Suppose -o = -3*m + 5*i - 9*i, 2*m - 381 = -5*i. What are the prime factors of m?
2, 47
Suppose 3*d - 5*m - 12 = 117, 0 = -4*d + 4*m + 164. Let a = d + -46. Let z(c) = 2*c**2 - 7*c - 20. List the prime factors of z(a).
2, 41
Let c(z) = 7*z + 322. Let t be c(-46). What are the prime factors of -65 - -239 - (-1 - t)?
5, 7
Suppose -v - 3*v - 32 = -2*s, 0 = -3*v + s - 23. Let c(i) = 9*i**2 + 18*i + 114. List the prime factors of c(v).
3, 11, 13
Suppose 4*a = 4, -5*a + 3*a + 11 = 3*m. Let t(w) = 390*w - 3. List the prime factors of t(m).
3, 389
Suppose 0 = 3*s - w - 204, s - 4*w + 3*w = 68. Let l be (1 - s/(-14)) + 7/49. Suppose -3*g = -l*g + 300. What are the prime factors of g?
2, 5
Suppose 106*y + 536938 - 3844138 = 0. List the prime factors of y.
2, 3, 5, 13
Let m = -15792 + 59206. List the prime factors of m.
2, 7, 443
Let r be ((-5)/(-4))/(13/52). Suppose r*f = 7 + 3. Suppose -c = -f*c + 54. List the prime factors of c.
2, 3
Let j = 202 + 1130. Suppose 1626 = 6*t - j. What are the prime factors of t?
17, 29
Let p(g) be the first derivative of -11 - 14*g + 9/2*g**2. List the prime factors of p(10).
2, 19
Let i(t) = -t**3 + 14*t**2 + 18*t - 16. Let y be i(15). Let a(p) = p**2 - 12*p - 96. List the prime factors of a(y).
397
Suppose -4*t - 309 = 4*j - 3921, 0 = 2*t - 4*j - 1836. Suppose i - 25*f + 24*f = 302, -t = -3*i + 2*f. List the prime factors of i.
2, 19
Let x(u) = 43048*u**3 + 8*u**2 - 36*u + 29. List the prime factors of x(1).
43049
Let b = 59834 - 39897. What are the prime factors of b?
19937
Let y(p) = 9*p**2 - 6*p + 83. Let j be y(7). Suppose -j + 1481 = z. List the prime factors of z.
3, 37
Let m = -906 - -1575. Suppose -3*j = -3*o + 171 + m, -3*j + 12 = 0. List the prime factors of o.
2, 71
Let i(w) = -1388*w**2 - 4*w + 4. Let u be i(1). Let y = u + 2223. List the prime factors of y.
5, 167
Suppose 0 = -2*m - 1309 + 34775. Suppose -15*j - 6053 = -m. What are the prime factors of j?
2, 89
Let r = 500 + -187. Suppose -r*h + 40 = -309*h. What are the prime factors of h?
2, 5
Suppose l = -2 + 6. Suppose 24 = l*k + 4*r, -3*k - 4*r = -k - 20. What are the prime factors of 1986/33 - k/11?
2, 3, 5
Let k(c) = 12*c**3 + 27*c**2 - 15*c + 198. List the prime factors of k(15).
2, 3, 431
Let w be (-144)/(-81) - 6/(-27). Let d be (w/2)/(7 - 8) - 108. Let u = d + 162. What are the prime factors of u?
53
Suppose 33*v = 272108 + 135376. List the prime factors of v.
2, 3, 7
Let p(n) = -169*n - 56. What are the prime factors of p(-6)?
2, 479
Let a(w) = -438*w + 2271. List the prime factors of a(-6).
3, 23, 71
Let i(m) = -850*m + 3581. What are the prime factors of i(-34)?
3, 401
Let p(k) = 7*k**3 - 4 - 10*k**3 + 2*k**3 + 5*k**2 + k + 0. Let s be p(4). Let i(r) = r**3 - 16*r**2 + 6*r - 8. What are the prime factors of i(s)?
2, 11
Let l be 1/(12/80*2/3). Suppose l*y = 33*y - 5198. What are the prime factors of y?
2, 113
Suppose -3*q = 3*y + 957, q + 405 = -4*y + 92. Suppose -642 - 102 = 4*z + 4*l, 0 = l - 1. Let g = z - q. List the prime factors of g.
2, 67
Let v(l) = -3241*l + 2284. What are the prime factors of v(-3)?
12007
Suppose -574 = -4*o + 94. Suppose 4*d + 5*s = 329, 7*s = -2*d + 2*s + o. What are the prime factors of d?
3
Suppose -6*w - 4 + 22 = 0. Suppose -w*d - 2*a - 2*a = -81, 0 = -5*a + 15. Let i = 29 - d. List the prime factors of i.
2, 3
Let p = -17193 - -75582. List the prime factors of p.
3, 19463
Let a(y) = -y**3 - 3*y**2 - y - 13. Let x be a(-3). What are the prime factors of x/(-30) + (-5542)/(-6)?
2, 3, 7, 11
Let h(v) = 103*v**2 + 7*v - 53. List the prime factors of h(-14).
3, 6679
Let v = -289 + 215. Let z = v - -256. What are the prime factors of z?
2, 7, 13
Suppose -14*x - 5*n = -13*x + 1026, 5*n = 2*x + 2052. What are the prime factors of (-200)/(-6)*(3 - x/30)?
2, 5, 31
What are the prime factors of (14/(154/(-99)) + 6)/(3/(-2069))?
2069
Let i be ((-10)/2)/((100/144)/(-25)). Suppose 0 = -3*m + m - 5*y + 363, -m - 2*y = -i. What are the prime factors of m?
2, 3, 29
Let s = 23 - 23. Suppose -5*b - a - 2*a - 1444 = s, -862 = 3*b + 4*a. List the prime factors of (-6)/39 - b/26.
11
Let r be (-12)/(-15) + (-4 - -5)/5. Let j be -11*(2 + (-3 - r)). Let z = 49 + j. List the prime factors of z.
71
Suppose 5*t - 4*m = 96459, 0 = 7*t - 5*t + 3*m - 38602. What are the prime factors of t?
5, 17, 227
Let f = 61484 - 42181. List the prime factors of f.
97, 199
Let t(x) = -7*x - 135. Let h be t(-15). What are the prime factors of 1820/(-56)*h*1?
3, 5, 13
Suppose -10 = -291*u + 289*u. What are the prime factors of (9 + (u - 179))*-6?
2, 3, 5, 11
Suppose 45*v - 219574 = 434951. List the prime factors of v.
5, 2909
Let g = -14569 - -31781. What are the prime factors of g?
2, 13, 331
Suppose 4*n - 3*i - 44019 = 0, 230*n + 2*i = 233*n - 33015. List the prime factors of n.
3, 1223
Let r be 10/(-14) + 4/(-14). Let w(v) be the third derivative of v**5/4 - v**4/12 - v**3/2 + 215*v**2. List the prime factors of w(r).
2, 7
Let j be 273/(-27) - 2/(-18). What are the prime factors of -74*9/j + (-12)/(-30)?
67
Suppose 73*d - 74*d + 74 = 0. Let x = d - -383. List the prime factors of x.
457
Suppose f - 3*g = 8232, -16*f + 21*f + 5*g - 41260 = 0. List the prime factors of f.
3, 2749
Let p be (-1 - -115)*(-13)/(351/(-504)). Suppose -h = -3*h + 2*w + 1064, -p = -4*h + w. What are the prime factors of h?
2, 7, 19
Suppose 0 = 5*m - m + 2*l - 1974, -3*l = -m + 476. Let f = 706 - m. Suppose -11*o = -6*o - f. List the prime factors of o.
43
Suppose 0 = -43*w + 53*w - 58290. What are the prime factors of w?
3, 29, 67
Let f(c) = -868*c - 296. What are the prime factors of f(-28)?
2, 3001
Suppose -3*u - 1185 = -6*u. Let s = u + -179. Let v = s - 137. List the prime factors of v.
79
Let m(a) = 2*a**3 + 2*a**2 + a - 44. Let g be m(-7). Let z = g - -1098. What are the prime factors of z?
3, 17
Suppose 8585 = 5*b + 5*d, -5*b - d + 4838 = -3763. What are the prime factors of b?
1721
Let z(j) = j**2 + 21*j + 113. Let f be z(-11). Suppose v - s - 972 = 0, 5*s - 335 = f*v - 3253. What are the prime factors of v?
971
Suppose 5*n = 7 - 2. Let g(a) = -1 + 93*a - 1 + 5. List the prime factors of g(n).
2, 3
Let c = -1550 + 3710. Suppose 90*i - c = 84*i. What are the prime factors of i?
2, 3, 5
Let d(t) = 366*t - 39. List the prime factors of d(2).
3, 7, 11
Let t(l) = 446*l - 51. Let m be t(3). Suppose 8295 = 1294*i - m*i. What are the prime factors of i?
3, 5, 79
Let o be 13/52 - (-3406)/8. Suppose -13*f + 393 + o = 0. What are the prime factors of f?
3, 7
Let z = 66274 - 39397. What are the prime factors of z?
3, 17, 31
Let k(i) = 10 - 75*i - 110 - 164. List the prime factors of k(-9).
3, 137
Let n(r) = -2*r**3 - 99*r**2 + 38*r + 35. Let l be n(-49). Let z = -2793 - l. List the prime factors of z.
5, 7, 41
Suppose 0 = -5*u - 5*f + 51006 + 25264, 5*u - 76276 = f. What are the prime factors of u?
3, 5, 113
Let i(c) = 34*c**2 + 18*c - 72. Let k be -1 + (-33)/(-6) - (-11)/(-22). List the prime factors of i(k).
2, 17
Suppose -28418 = 26*w - 7410. Let y = w - -1330. What are the prime factors of y?
2, 3, 29
Let m(d) = 5*d**2 + 5*d + 10. Let w = 48 - 51. Let v(p) = 5*p + 10. Let z be v(w). What are the prime factors of m(z)?
2, 5, 11
Suppose 16*j = -16221 + 77901. Let i = -2714 + j. What are the prime factors of i?
7, 163
Let x(j) = -2*j**3 + 28*j**2 - 10*j + 6. Let m be x(14). Let g = 221 + m. List the prime factors of g.
3, 29
Let h be (-7)/((-14)/4) - 0. Suppose -4*f = 5*w + 281, h*f + w + 133 = -0*f. Let i = f + 81. List the prime factors of i.
17
Let s(o) = -7*o**2 - 50*o - 4. Let t be s(-7). Suppose -3*w - 421 = 4*u - 3646, -3*w + 3225 = -t*u. What are the prime factors of w?
5, 43
Let x(w) = -6*w + 25*w**2 - 35*w**2 + 6*w**3 - 10*w**3 - 12 + 0*w**3. List the prime factors of x(-6).
2, 3, 11
Let v(d) = -d**2 - 4*d - 2. Let h(x) = 3*x**2 + 17*x + 2. Let k(t) = -h(t) - 4*v(t). Let g(z) = -2*z + 3. Let s be g(6). What are the prime factors of k(s)?
2, 3
Suppose -17 = -14*n + 25. What are the prime factors of (-2)/n*(-22572)/33?
2, 3, 19
Let a be 0 + 4 + -2165 + -4. What are the prime factors of (-6 - a/10)*6?
3, 421
Let v(t) = 109*t**2